{"id":72,"date":"2024-10-11T09:33:29","date_gmt":"2024-10-11T09:33:29","guid":{"rendered":"https:\/\/wp.sherparally.hu\/?page_id=72"},"modified":"2025-09-29T22:26:36","modified_gmt":"2025-09-29T21:26:36","slug":"nevezes","status":"publish","type":"page","link":"https:\/\/wp.sherparally.hu\/index.php\/eger\/nevezes\/","title":{"rendered":"Nevez\u00e9s"},"content":{"rendered":"\t\t<div data-elementor-type=\"wp-page\" data-elementor-id=\"72\" class=\"elementor elementor-72\" data-elementor-post-type=\"page\">\n\t\t\t\t<div class=\"elementor-element elementor-element-cd53082 e-flex e-con-boxed e-con e-parent\" data-id=\"cd53082\" data-element_type=\"container\" data-e-type=\"container\">\n\t\t\t\t\t<div class=\"e-con-inner\">\n\t\t\t\t<div class=\"elementor-element elementor-element-0574252 elementor-widget elementor-widget-heading\" data-id=\"0574252\" data-element_type=\"widget\" data-e-type=\"widget\" data-widget_type=\"heading.default\">\n\t\t\t\t<div class=\"elementor-widget-container\">\n\t\t\t\t\t<h2 class=\"elementor-heading-title elementor-size-default\">XVIII. Eged-hegyi Sherpa Rally Nevez\u00e9s<\/h2>\t\t\t\t<\/div>\n\t\t\t\t<\/div>\n\t\t\t\t<div class=\"elementor-element elementor-element-271eb4a elementor-widget elementor-widget-spacer\" data-id=\"271eb4a\" data-element_type=\"widget\" data-e-type=\"widget\" data-widget_type=\"spacer.default\">\n\t\t\t\t<div class=\"elementor-widget-container\">\n\t\t\t\t\t\t\t<div class=\"elementor-spacer\">\n\t\t\t<div class=\"elementor-spacer-inner\"><\/div>\n\t\t<\/div>\n\t\t\t\t\t\t<\/div>\n\t\t\t\t<\/div>\n\t\t\t\t<div class=\"elementor-element elementor-element-99ae67c elementor-widget elementor-widget-heading\" data-id=\"99ae67c\" data-element_type=\"widget\" data-e-type=\"widget\" data-widget_type=\"heading.default\">\n\t\t\t\t<div class=\"elementor-widget-container\">\n\t\t\t\t\t<h2 class=\"elementor-heading-title elementor-size-default\">B\u00e1r a nevez\u00e9s lez\u00e1rult, szombaton szeretettel v\u00e1runk minden \u00e9rdekl\u0151d\u0151t!\n<br><br>\nGyertek, szurkoljatok, \u00e9lvezz\u00e9tek a hangulatot \u2013 \u00e9s ha tetszik, j\u00f6v\u0151re ak\u00e1r ti is rajthoz \u00e1llhattok!<\/h2>\t\t\t\t<\/div>\n\t\t\t\t<\/div>\n\t\t\t\t<div class=\"elementor-element elementor-element-94e902b elementor-widget elementor-widget-spacer\" data-id=\"94e902b\" data-element_type=\"widget\" data-e-type=\"widget\" data-widget_type=\"spacer.default\">\n\t\t\t\t<div class=\"elementor-widget-container\">\n\t\t\t\t\t\t\t<div class=\"elementor-spacer\">\n\t\t\t<div class=\"elementor-spacer-inner\"><\/div>\n\t\t<\/div>\n\t\t\t\t\t\t<\/div>\n\t\t\t\t<\/div>\n\t\t\t\t<div class=\"elementor-element elementor-element-0e86559 elementor-widget elementor-widget-heading\" data-id=\"0e86559\" data-element_type=\"widget\" data-e-type=\"widget\" data-widget_type=\"heading.default\">\n\t\t\t\t<div class=\"elementor-widget-container\">\n\t\t\t\t\t<h2 class=\"elementor-heading-title elementor-size-default\">Nevez\u00e9si d\u00edj:<\/h2>\t\t\t\t<\/div>\n\t\t\t\t<\/div>\n\t\t\t\t<div class=\"elementor-element elementor-element-315e37c elementor-widget elementor-widget-text-editor\" data-id=\"315e37c\" data-element_type=\"widget\" data-e-type=\"widget\" data-widget_type=\"text-editor.default\">\n\t\t\t\t<div class=\"elementor-widget-container\">\n\t\t\t\t\t\t\t\t\t<ul><li><b>2025.09.29-ig.: 15.000,<\/b><b>&#8211; HUF<\/b><\/li><li><b>A versenyre kiz\u00e1r\u00f3lag online el\u0151nevez\u00e9ssel lehet jelentkezni!<\/b><\/li><li><b>Helysz\u00edni nevez\u00e9sre nincs lehet\u0151s\u00e9g!<\/b><\/li><\/ul><p><b><i>Adatok a nevez\u00e9si d\u00edj utal\u00e1s\u00e1hoz:<br \/><\/i>Sz\u00e1mlatulajdonos:<\/b> Teambuilding Sportegyes\u00fclet<br \/><b>Sz\u00e1mlasz\u00e1m:<\/b> OTP 11739009-20253420<br \/><b>IBAN: <\/b>HU07 1173 9009 2025 3420 0000 0000<br \/><b>BIC(SWIFT) K\u00f3d:<\/b> OTPVHUHB<br \/><b>K\u00f6zlem\u00e9ny:<\/b>\u00a0Sherpa Rally nevez\u00e9si d\u00edj 2025 (n\u00e9v)<\/p>\t\t\t\t\t\t\t\t<\/div>\n\t\t\t\t<\/div>\n\t\t\t\t\t<\/div>\n\t\t\t\t<\/div>\n\t\t\t\t<\/div>\n\t\t","protected":false},"excerpt":{"rendered":"<p>XVIII. Eged-hegyi Sherpa Rally Nevez\u00e9s B\u00e1r a nevez\u00e9s lez\u00e1rult, szombaton szeretettel v\u00e1runk minden \u00e9rdekl\u0151d\u0151t! Gyertek, szurkoljatok, \u00e9lvezz\u00e9tek a hangulatot \u2013 \u00e9s ha tetszik, j\u00f6v\u0151re ak\u00e1r&hellip;<\/p>\n","protected":false},"author":1,"featured_media":0,"parent":60,"menu_order":0,"comment_status":"closed","ping_status":"closed","template":"","meta":{"footnotes":""},"class_list":["post-72","page","type-page","status-publish","hentry"],"yoast_head":"<!-- This site is optimized with the Yoast SEO plugin v27.5 - https:\/\/yoast.com\/product\/yoast-seo-wordpress\/ -->\n<title>Nevez\u00e9s - Sherpa Rally<\/title>\n<meta name=\"robots\" content=\"index, follow, max-snippet:-1, max-image-preview:large, max-video-preview:-1\" \/>\n<link rel=\"canonical\" href=\"https:\/\/wp.sherparally.hu\/index.php\/eger\/nevezes\/\" \/>\n<meta property=\"og:locale\" content=\"hu_HU\" \/>\n<meta property=\"og:type\" content=\"article\" \/>\n<meta property=\"og:title\" content=\"Nevez\u00e9s - Sherpa Rally\" \/>\n<meta property=\"og:description\" content=\"XVIII. Eged-hegyi Sherpa Rally Nevez\u00e9s B\u00e1r a nevez\u00e9s lez\u00e1rult, szombaton szeretettel v\u00e1runk minden \u00e9rdekl\u0151d\u0151t! Gyertek, szurkoljatok, \u00e9lvezz\u00e9tek a hangulatot \u2013 \u00e9s ha tetszik, j\u00f6v\u0151re ak\u00e1r&hellip;\" \/>\n<meta property=\"og:url\" content=\"https:\/\/wp.sherparally.hu\/index.php\/eger\/nevezes\/\" \/>\n<meta property=\"og:site_name\" content=\"Sherpa Rally\" \/>\n<meta property=\"article:modified_time\" content=\"2025-09-29T21:26:36+00:00\" \/>\n<meta name=\"twitter:card\" content=\"summary_large_image\" \/>\n<meta name=\"twitter:label1\" content=\"Becs\u00fclt olvas\u00e1si id\u0151\" \/>\n\t<meta name=\"twitter:data1\" content=\"1 perc\" \/>\n<script type=\"application\/ld+json\" class=\"yoast-schema-graph\">{\"@context\":\"https:\\\/\\\/schema.org\",\"@graph\":[{\"@type\":\"WebPage\",\"@id\":\"https:\\\/\\\/wp.sherparally.hu\\\/index.php\\\/eger\\\/nevezes\\\/\",\"url\":\"https:\\\/\\\/wp.sherparally.hu\\\/index.php\\\/eger\\\/nevezes\\\/\",\"name\":\"Nevez\u00e9s - Sherpa Rally\",\"isPartOf\":{\"@id\":\"https:\\\/\\\/wp.sherparally.hu\\\/#website\"},\"datePublished\":\"2024-10-11T09:33:29+00:00\",\"dateModified\":\"2025-09-29T21:26:36+00:00\",\"breadcrumb\":{\"@id\":\"https:\\\/\\\/wp.sherparally.hu\\\/index.php\\\/eger\\\/nevezes\\\/#breadcrumb\"},\"inLanguage\":\"hu\",\"potentialAction\":[{\"@type\":\"ReadAction\",\"target\":[\"https:\\\/\\\/wp.sherparally.hu\\\/index.php\\\/eger\\\/nevezes\\\/\"]}]},{\"@type\":\"BreadcrumbList\",\"@id\":\"https:\\\/\\\/wp.sherparally.hu\\\/index.php\\\/eger\\\/nevezes\\\/#breadcrumb\",\"itemListElement\":[{\"@type\":\"ListItem\",\"position\":1,\"name\":\"Kezd\u0151lap\",\"item\":\"https:\\\/\\\/wp.sherparally.hu\\\/\"},{\"@type\":\"ListItem\",\"position\":2,\"name\":\"XVIII. Eged-hegyi Sherpa Rally\",\"item\":\"https:\\\/\\\/wp.sherparally.hu\\\/index.php\\\/eger\\\/\"},{\"@type\":\"ListItem\",\"position\":3,\"name\":\"Nevez\u00e9s\"}]},{\"@type\":\"WebSite\",\"@id\":\"https:\\\/\\\/wp.sherparally.hu\\\/#website\",\"url\":\"https:\\\/\\\/wp.sherparally.hu\\\/\",\"name\":\"Sherpa Rally\",\"description\":\"\",\"publisher\":{\"@id\":\"https:\\\/\\\/wp.sherparally.hu\\\/#organization\"},\"potentialAction\":[{\"@type\":\"SearchAction\",\"target\":{\"@type\":\"EntryPoint\",\"urlTemplate\":\"https:\\\/\\\/wp.sherparally.hu\\\/?s={search_term_string}\"},\"query-input\":{\"@type\":\"PropertyValueSpecification\",\"valueRequired\":true,\"valueName\":\"search_term_string\"}}],\"inLanguage\":\"hu\"},{\"@type\":\"Organization\",\"@id\":\"https:\\\/\\\/wp.sherparally.hu\\\/#organization\",\"name\":\"Sherpa Rally\",\"url\":\"https:\\\/\\\/wp.sherparally.hu\\\/\",\"logo\":{\"@type\":\"ImageObject\",\"inLanguage\":\"hu\",\"@id\":\"https:\\\/\\\/wp.sherparally.hu\\\/#\\\/schema\\\/logo\\\/image\\\/\",\"url\":\"https:\\\/\\\/wp.sherparally.hu\\\/wp-content\\\/uploads\\\/2024\\\/10\\\/logo.png\",\"contentUrl\":\"https:\\\/\\\/wp.sherparally.hu\\\/wp-content\\\/uploads\\\/2024\\\/10\\\/logo.png\",\"width\":2500,\"height\":500,\"caption\":\"Sherpa Rally\"},\"image\":{\"@id\":\"https:\\\/\\\/wp.sherparally.hu\\\/#\\\/schema\\\/logo\\\/image\\\/\"}}]}<\/script>\n<!-- \/ Yoast SEO plugin. -->","yoast_head_json":{"title":"Nevez\u00e9s - Sherpa Rally","robots":{"index":"index","follow":"follow","max-snippet":"max-snippet:-1","max-image-preview":"max-image-preview:large","max-video-preview":"max-video-preview:-1"},"canonical":"https:\/\/wp.sherparally.hu\/index.php\/eger\/nevezes\/","og_locale":"hu_HU","og_type":"article","og_title":"Nevez\u00e9s - Sherpa Rally","og_description":"XVIII. Eged-hegyi Sherpa Rally Nevez\u00e9s B\u00e1r a nevez\u00e9s lez\u00e1rult, szombaton szeretettel v\u00e1runk minden \u00e9rdekl\u0151d\u0151t! Gyertek, szurkoljatok, \u00e9lvezz\u00e9tek a hangulatot \u2013 \u00e9s ha tetszik, j\u00f6v\u0151re ak\u00e1r&hellip;","og_url":"https:\/\/wp.sherparally.hu\/index.php\/eger\/nevezes\/","og_site_name":"Sherpa Rally","article_modified_time":"2025-09-29T21:26:36+00:00","twitter_card":"summary_large_image","twitter_misc":{"Becs\u00fclt olvas\u00e1si id\u0151":"1 perc"},"schema":{"@context":"https:\/\/schema.org","@graph":[{"@type":"WebPage","@id":"https:\/\/wp.sherparally.hu\/index.php\/eger\/nevezes\/","url":"https:\/\/wp.sherparally.hu\/index.php\/eger\/nevezes\/","name":"Nevez\u00e9s - Sherpa Rally","isPartOf":{"@id":"https:\/\/wp.sherparally.hu\/#website"},"datePublished":"2024-10-11T09:33:29+00:00","dateModified":"2025-09-29T21:26:36+00:00","breadcrumb":{"@id":"https:\/\/wp.sherparally.hu\/index.php\/eger\/nevezes\/#breadcrumb"},"inLanguage":"hu","potentialAction":[{"@type":"ReadAction","target":["https:\/\/wp.sherparally.hu\/index.php\/eger\/nevezes\/"]}]},{"@type":"BreadcrumbList","@id":"https:\/\/wp.sherparally.hu\/index.php\/eger\/nevezes\/#breadcrumb","itemListElement":[{"@type":"ListItem","position":1,"name":"Kezd\u0151lap","item":"https:\/\/wp.sherparally.hu\/"},{"@type":"ListItem","position":2,"name":"XVIII. Eged-hegyi Sherpa Rally","item":"https:\/\/wp.sherparally.hu\/index.php\/eger\/"},{"@type":"ListItem","position":3,"name":"Nevez\u00e9s"}]},{"@type":"WebSite","@id":"https:\/\/wp.sherparally.hu\/#website","url":"https:\/\/wp.sherparally.hu\/","name":"Sherpa Rally","description":"","publisher":{"@id":"https:\/\/wp.sherparally.hu\/#organization"},"potentialAction":[{"@type":"SearchAction","target":{"@type":"EntryPoint","urlTemplate":"https:\/\/wp.sherparally.hu\/?s={search_term_string}"},"query-input":{"@type":"PropertyValueSpecification","valueRequired":true,"valueName":"search_term_string"}}],"inLanguage":"hu"},{"@type":"Organization","@id":"https:\/\/wp.sherparally.hu\/#organization","name":"Sherpa Rally","url":"https:\/\/wp.sherparally.hu\/","logo":{"@type":"ImageObject","inLanguage":"hu","@id":"https:\/\/wp.sherparally.hu\/#\/schema\/logo\/image\/","url":"https:\/\/wp.sherparally.hu\/wp-content\/uploads\/2024\/10\/logo.png","contentUrl":"https:\/\/wp.sherparally.hu\/wp-content\/uploads\/2024\/10\/logo.png","width":2500,"height":500,"caption":"Sherpa Rally"},"image":{"@id":"https:\/\/wp.sherparally.hu\/#\/schema\/logo\/image\/"}}]}},"_links":{"self":[{"href":"https:\/\/wp.sherparally.hu\/index.php\/wp-json\/wp\/v2\/pages\/72","targetHints":{"allow":["GET"]}}],"collection":[{"href":"https:\/\/wp.sherparally.hu\/index.php\/wp-json\/wp\/v2\/pages"}],"about":[{"href":"https:\/\/wp.sherparally.hu\/index.php\/wp-json\/wp\/v2\/types\/page"}],"author":[{"embeddable":true,"href":"https:\/\/wp.sherparally.hu\/index.php\/wp-json\/wp\/v2\/users\/1"}],"replies":[{"embeddable":true,"href":"https:\/\/wp.sherparally.hu\/index.php\/wp-json\/wp\/v2\/comments?post=72"}],"version-history":[{"count":32,"href":"https:\/\/wp.sherparally.hu\/index.php\/wp-json\/wp\/v2\/pages\/72\/revisions"}],"predecessor-version":[{"id":1508,"href":"https:\/\/wp.sherparally.hu\/index.php\/wp-json\/wp\/v2\/pages\/72\/revisions\/1508"}],"up":[{"embeddable":true,"href":"https:\/\/wp.sherparally.hu\/index.php\/wp-json\/wp\/v2\/pages\/60"}],"wp:attachment":[{"href":"https:\/\/wp.sherparally.hu\/index.php\/wp-json\/wp\/v2\/media?parent=72"}],"curies":[{"name":"wp","href":"https:\/\/api.w.org\/{rel}","templated":true}]}}